31 = -h. Let p = -18 - l. What is the greatest common factor of 8 and p?
8
Suppose 2*i + 5*r - 9*r - 154 = 0, i + 3*r - 92 = 0. Suppose -j + 4*m + 26 = -21, 0 = j + 5*m - i. Calculate the greatest common divisor of 18 and j.
9
Let r(m) = -2*m**3 - 5*m**2 - m + 9. Let q be r(-4). Let g = -58 + q. Suppose 0 = z - 5, b - 5*z = g*b - 377. What is the greatest common divisor of 22 and b?
22
Suppose -2*r + 140 = 3*r. Let z = -70 + 132. Suppose 105 = -57*m + z*m. Calculate the greatest common divisor of r and m.
7
Suppose 31*w + 89 = -35. Let v be w*(-9)/((-54)/(-69)). What is the greatest common factor of 1242 and v?
46
Let t(w) = -4*w + 96. Let m be t(17). Suppose 4*v = -4*p + 70 - 18, -3*v + m = 2*p. Calculate the highest common divisor of p and 319.
11
Suppose c + 6*r - r - 25 = 0, 0 = 4*c - 4*r - 172. Let l = 28 - -46. Let m = 94 - l. Calculate the greatest common divisor of c and m.
20
Let h be 18/(-5)*(-40)/6. Suppose -5*y - 2*g = -600, 0*y - 4*y = 5*g - 480. Calculate the highest common divisor of y and h.
24
Suppose 25 = 5*f, f - 3*f = 5*k. Let c be 0/k*(-1 + 0). Suppose c*a - 104 = -4*a. What is the highest common factor of a and 2?
2
Let g = 25 + -15. Let k be -5*((-52)/g - -2). Suppose 0 = 3*x + 80*b - 79*b - 6, -38 = -5*x + 3*b. What is the greatest common factor of x and k?
4
Let o = 249 + -634. Let b = -86 - o. Calculate the greatest common divisor of b and 26.
13
Let t(i) = -i**3 - 14*i**2 + 13*i - 24. Let x = -26 - 6. Let d = 17 + x. Let w be t(d). Calculate the greatest common divisor of 9 and w.
3
Let q(g) = -g**3 + 6*g**2 + 4*g - 5. Let a be q(3). Let z be ((-340)/(-45))/(14/1197). Calculate the greatest common divisor of z and a.
34
Let b = -51 - -115. Suppose -4*g + b - 12 = 0. Let p = 18185 - 18081. Calculate the greatest common factor of p and g.
13
Let a(w) = 21*w**2 - 250*w - 20. Let x be a(12). What is the greatest common divisor of 514 and x?
2
Let c(l) = 1. Let r(t) = -t**2 - 7*t + 4. Let x(a) = 6*c(a) - r(a). Let v be x(-6). Let h be (25/v)/((-27)/108). What is the highest common factor of h and 25?
25
Let w = 81 + -74. Let p = w - -8. Suppose 12*h - p*h = -180. Calculate the greatest common factor of h and 30.
30
Let m be ((-30)/45 + 4/6)/2. Suppose 0 = -y, -v + m*y - 3*y = 20. Let c be (v/(-8))/((-5)/(-40)). What is the greatest common factor of 100 and c?
20
Suppose 35959 = 241*v - 39233. Calculate the greatest common factor of 696 and v.
24
Let x(u) = -97*u - 566. Let v(o) = -o**2 - 13*o + 62. Let m be v(4). Let q be x(m). Calculate the greatest common factor of q and 100.
4
Let g = 13639 - 13622. Let i be 6110/45 + (-2)/(-9). Calculate the highest common factor of i and g.
17
Suppose 11*u = 17502 + 2903. Suppose -4*h + 19*d - 15*d = -1860, -u = -4*h - d. Calculate the highest common factor of 16 and h.
16
Suppose 3*l = 4*m - 2*l - 171, 3*m - 152 = -l. Suppose 46*p = m*p - 1050. What is the highest common factor of 70 and p?
70
Suppose -5*s - 10 = -f, 8 + 18 = -s + 5*f. Let t be s*2*570/(-4). Suppose -t = -y - 19. What is the highest common factor of y and 38?
38
Suppose 0 = 4*k + 5*v - 91 - 207, 8 = 4*v. Let n be (1 + 10 - 3)/1. Calculate the greatest common divisor of n and k.
8
Suppose 0 = -466*d + 509*d - 2666. Calculate the highest common factor of 4402 and d.
62
Let n(f) = 15*f**3 - f - 2. Let l be n(3). Suppose -18*y + 26*y = l. Calculate the greatest common divisor of y and 30.
10
Let r(l) = l**3 - 63*l**2 + 134*l - 693. Let h be r(61). Let v = 6 + 85. What is the highest common divisor of h and v?
13
Suppose 12505 = 9*l - 16412. Suppose 0 = -7*j - 14*j + l. What is the highest common factor of j and 204?
51
Suppose 0 = 40*q - 38*q + 30. Let f(r) = -7*r + 46. Let p be f(q). Let x = 219 - p. What is the highest common factor of 4 and x?
4
Let r be 2/(100/2510) - 1/5. Let h(c) be the first derivative of -61*c**2/2 + 3*c - 6. Let t be h(-2). Calculate the highest common divisor of r and t.
25
Let c(r) be the first derivative of -4*r**3/3 + r**2/2 - 17. Let z be c(2). Let b be ((-8)/10)/(z/105). Calculate the greatest common factor of 12 and b.
6
Let q = -7 - -190. Suppose -q = -2*x + 4*w - 5*w, -3*w = -4*x + 351. Calculate the highest common divisor of 120 and x.
30
Let c(m) = 84 - 17*m - 75*m**2 - 78*m**2 + 154*m**2. Let y be c(10). Calculate the highest common factor of 77 and y.
7
Suppose -m - m + 5*x = -43, 3*m = -x + 73. Suppose -5*k + m = -c, -3*k + 3 = c - 5. Let s = -10362 + 10363. Calculate the greatest common divisor of s and k.
1
Let t = -307 + 258. Let q be ((-1008)/t)/(8/28). Calculate the greatest common factor of 9 and q.
9
Suppose -4*m - 2064 = -76*k + 75*k, -18483 = -9*k + 5*m. Calculate the greatest common factor of k and 380.
76
Let v be (16/2)/4 - 7. Let p be ((-66)/v)/(((-28)/(-20))/7). Calculate the highest common divisor of p and 12.
6
Suppose 3*q = -q + 8. Let t = 299 + -298. What is the highest common factor of t and q?
1
Suppose 8*a - 4*g + 3288 = 12*a, -5*a + 2*g = -4131. Calculate the highest common divisor of 22 and a.
11
Let u = -26622 + 26760. Calculate the highest common factor of 894 and u.
6
Let m = 81 + -209. Let o = 485 + -344. Let q = o + m. What is the highest common divisor of q and 26?
13
Let b = -104 + 168. Suppose 95 + 89 = 5*q - 3*j, 2*j = -2*q + b. Let k = 275 - q. Calculate the greatest common divisor of k and 48.
48
Suppose 123 = -2*d - 23. Suppose 13*w + 355 + 321 = 0. Let r = w - d. Calculate the greatest common divisor of 3 and r.
3
Let l be (-56)/(-28) - (0 - -4)*1. Let d be 1/l + ((-15295)/10)/(-19). Calculate the greatest common factor of 520 and d.
40
Suppose 61*w - 43687 + 763 = -23*w. Calculate the highest common factor of 584 and w.
73
Let g be (-7)/28*-56 - -15926. What is the highest common divisor of g and 40?
20
Let m = -5606 + 7010. Calculate the highest common divisor of 130 and m.
26
Let l(i) = -i**3 - 11*i**2 - 11*i - 22. Let n be l(-9). Let j = n + 94. Let z be (132/20)/((-3)/(-45)). What is the highest common divisor of j and z?
9
Suppose -3*d + 27*d - 124572 = 10*d. What is the highest common factor of 6 and d?
6
Suppose -26849 - 93753 - 353674 = -22*i. What is the highest common factor of 6 and i?
6
Let t = 1 - -5. Suppose 29*x + 45 = 34*x. Let k be 3/t*(3 + x). Calculate the greatest common divisor of 30 and k.
6
Let k = 21338 + -21296. What is the greatest common divisor of 8834 and k?
14
Let k(f) = 351*f - 91. Let w be k(1). Calculate the highest common divisor of w and 1220.
20
Suppose 0 = -g + 79 + 33. Let z = -98570 + 98584. Calculate the greatest common divisor of g and z.
14
Let i be (1 - 5/2)*(322 - 320) - -480. Calculate the greatest common divisor of 106 and i.
53
Let n be (0 - 3)*(0 - 1)*8. Let u be 5 + 1 + (-5 - -1). Let j(p) = 82*p + 4. Let c be j(u). Calculate the greatest common divisor of c and n.
24
Let b be (-692)/(-9) - 359/(-3231). What is the highest common factor of b and 9471?
77
Suppose -119*y - 3*t = -122*y + 4935, 3*y - 4893 = -3*t. Calculate the highest common divisor of y and 168.
42
Let q = 189 - 24. Let a be (-4)/(-18) - (-5934)/27. What is the highest common divisor of q and a?
55
Let h(l) = 33*l - 3. Let o be h(1). Let x(z) = -2*z + 90. Let r be x(-15). What is the greatest common factor of r and o?
30
Suppose 5*g - 23 = -38. Let h be (-1)/g*-3 + 46. Calculate the greatest common divisor of h and 36.
9
Suppose 0 = 3*b + g + 365 - 500, -62 = -2*b + 4*g. What is the greatest common factor of 2752 and b?
43
Let z = -10593 + 11017. Calculate the highest common factor of z and 318.
106
Let y be 1 + -4 - (-363 + 351). What is the highest common divisor of y and 7146?
9
Suppose 2*o - 2*v + 15 - 31 = 0, -2*o + 4*v + 18 = 0. Let h = 231 + -112. What is the greatest common divisor of o and h?
7
Let o be (24/14 - 0)*(-138 - -145). What is the greatest common factor of 3012 and o?
12
Let k(i) = i**3 + 7*i**2 - 11*i - 7. Let s be k(-8). Let l = -624 + 879. Suppose 21*j = 24*j - l. What is the highest common divisor of s and j?
17
Let d be (3*-26 + -5)*-1. Suppose -d*s + 77*s + 102 = 0. Calculate the highest common factor of 459 and s.
17
Let n be (-3)/(18/(-42) + 8*15988/298557). What is the greatest common divisor of n and 27?
27
Suppose -24*o = -4*o + 4760. Let n = o - -268. What is the highest common divisor of n and 